lue of -71 - (-3 + -6) - ((7 + -7 - 9) + 20)?
-73
Calculate 18 + 5 + (-23 - -33 - (-1 - -7)).
27
Calculate -96 + 58 + 45 + -54.
-47
What is -20 + -28 + 48 + -13 + 117?
104
Calculate -1 - -47 - (-50 + 2 + 54 + 9).
31
(-3 + 2 - -2) + (-179 + 127 - 1)
-52
What is the value of -32 - ((-593 - -470) + -20 + -2)?
113
Calculate -69 + (33 + -128 + 91 - (-2 - 1)).
-70
2 - (-22 - 3 - (84 - 103)) - (7 + -1)
2
What is 15 - ((-12 - (-7 + 8)) + (-25 - (-18 + 8)))?
43
What is 2 - 20 - (92 - 92) - -41?
23
Evaluate 8 + 1 + -15 + (-12 - (55 - 96)).
23
Calculate (-29 - -46) + -20 - (9 + (-1 - 4) + 4).
-11
Evaluate 3774 + -3717 - (-1 - -36).
22
What is 0 + (4 - (-5 - (-13 - ((-22 - -6) + 1))))?
11
(6 - -2 - -2) + 57 + -95
-28
Calculate -2 + (14 + 1 + -19 - 24).
-30
(-18 - 37) + 52 + -1 + 17 + -67
-54
Evaluate (82 + -17 - 0) + 51 + -45 - -13.
84
What is (-53 - -18 - -12) + (1 - 2) + 15?
-9
What is (-7 - 0) + (1 + -2 - -24) + 2?
18
What is the value of -115 + (-71 - -105) + 10?
-71
What is the value of 2 + (-1 - 10) + 66?
57
What is -33 - (68 + (-20 - 9) + -7)?
-65
Evaluate 1 + 49 + 9 + -20 + (12 - 3 - -2).
50
-2 + (-27 - (-10 + 11)) + 17
-13
What is (-173 - -205 - 48) + -34 + -1 + -1?
-52
What is (51 - -1) + -139 + (163 - 23)?
53
What is the value of 3 - -58 - (-36 - -74 - 24)?
47
Evaluate -134 - (-2 + (27 - 93)).
-66
What is the value of -85 + 70 + -31 + 0?
-46
Calculate -3291 + 3356 + (-17 - 1).
47
Calculate -176 - (-154 + 11 - -49).
-82
-74 + 51 + (-28 - -37 - 57)
-71
Evaluate 63 + (-1 - 31) - 29.
2
Calculate -12 + (8 - (31 + -14 - 7)) + (51 - 5).
32
What is the value of (-45 - -31) + -40 + 19?
-35
What is -96 - (-81 - -24) - -72?
33
What is the value of 126 + -60 + -64 - (3 + (-2 - -9))?
-8
-5 + 22 - (31 - (15 + -34))
-33
What is the value of -20 - (14 + -53) - 35?
-16
What is -10 + -39 + 9 + 29?
-11
What is -179 + (345 - 180) + (0 - 4)?
-18
163 + (-146 - 208) + 71
-120
(20 - 4) + (340 - 353)
3
What is the value of -99 - 0 - (-23 - -49 - (42 + -8))?
-91
(1 - (1 - -2) - ((-19 - -58) + -37)) + -48
-52
Evaluate -57 + 3 + -6 + 15 + (33 - -45 - 77).
-44
What is -11 - ((50 - 43) + -23 + 18 + 2 + 1)?
-16
What is the value of (-3 - -6) + 28 - (-121 - -100)?
52
What is (-40 - (-2 - (4 - (4 + 0)))) + 258 + -253?
-33
Evaluate -19 + 1 + (7 - (15 - 52)).
26
Calculate -35 + -5 + (47 - 58) + (-2 - -18).
-35
(21 - 2) + 31 - (-17 - -22)
45
Calculate -10 - ((25 - (0 - 1) - (-6 - -6)) + -14).
-22
What is the value of -16 - -3 - (2 + (50 - 59))?
-6
Evaluate -30 + 1 + 88 + -73 + -12.
-26
Calculate 14 + (-22 - (-13 + 10)) - (-13 + 8).
0
Evaluate 4 + 2 + (4 + 49 - (-2 - (3 + -4))).
60
What is 17 - (90 - 71 - (10 - 1)) - (-33 - 82)?
122
What is -97 + (-6 + -6 + -8 + -1 + 12 - -12)?
-94
What is -102 + 67 + 24 + 64?
53
What is the value of 57 + -1 + 1 + (-102 - -95) - -9?
59
-73 - -86 - (5 + 3 + -4 + -4)
13
-12 + -21 + -9 + 39 + 11
8
-68 + (45 - 22) + -6 + -3
-54
Evaluate -15 + (32 - 0 - (18 - 12)) + -74.
-63
What is 120 - (13 + -1 - (-59 - -32 - -27))?
108
Evaluate -18 + 18 + 28 + -22 - -47.
53
What is the value of -49 - (0 + (0 - 3) + (7 - 3) + 9)?
-59
Evaluate -6 - (-52 - -70) - 23.
-47
-83 + (33 - 57) - -189
82
What is 2 + (-10 - (3 + -64))?
53
-7 + 129 + 28 + -18 + -45
87
Calculate -5 + (-26 - 5 - -30 - (0 - 28)).
22
What is (-104 - -109 - (2 + 34 - 1)) + -12 + 2?
-40
What is -13 - (-31 + (18 - -2)) - (-6 - -7 - -58)?
-61
What is the value of (-114 - -31) + 28 + 52?
-3
What is the value of (-10 + 10 - 8) + 20 + 42 + -10?
44
What is -51 + 54 + 53 - (0 + (-6 - 0))?
62
Calculate -71 + -12 + (-12 - -22 - -21) - (1 - 0).
-53
What is the value of -71 + -99 + 116 + 3 + 8 + -1?
-44
Calculate -11 + (-2 + -10 + -5 + 0 + 10 - -27).
9
Calculate 9 + (15 - (-120 - -153) - (0 + 0)).
-9
What is the value of 10 + -21 + -5 - (0 + 10)?
-26
3 + -1 + (-44 - (-111 + 18)) + 29
80
5 + 3 - (-17 + 21 + 15 - (5 + 7))
1
Evaluate 44 + 48 + -148 - -87.
31
Calculate -4 + 82 + -86 - (-2 + 6 + -3 + 46).
-55
What is the value of (4 - -39) + 5 + -19?
29
Calculate -49 - 18 - (-674 + 546).
61
What is -53052 - -53006 - (0 + 1 + 1 + 10)?
-58
Calculate 219 + (-61 - 225) - (-1 - (0 - 14)).
-80
What is the value of -13 + (12 + -40 + 21 - (-11 + 9))?
-18
What is 4 - 1 - (-57 - (0 + 24 - 59))?
25
Calculate 50 + (38 - (56 + -14)).
46
116 + (-345 - -96) - -150
17
What is (1 - -10) + (-13 - -3) + -31 + -2 - -3?
-29
What is -20 + 31 + 23 + -46 - (-2 + (1 - -113))?
-124
What is the value of -1509 - -1553 - (2 - -7)?
35
Evaluate -14 - (-2 + 17 + -22) - (-2 + (-11 - -2)).
4
Evaluate -12 - ((-20 - 26) + 25).
9
What is 38 - (100 + -81 + (2 - 19))?
36
-11 - (-1 - 2 - (-13 - -21 - 9))
-9
Calculate -38 + 37 + -36 - -8.
-29
What is -42 - (-21 + -32) - (9 - (20 + -2))?
20
Evaluate 24 - ((-21 - (-23 + 22)) + 35).
9
What is the value of 65 + -50 - ((0 - (2 + -1)) + 73)?
-57
Calculate (1833 - 1845) + -14 + (1 - -2).
-23
What is -63 - (6 + (10 - 4) - (15 - -6))?
-54
What is the value of -31 + (-10 - 17) - -22?
-36
Evaluate 27 + -140 + (-18 + 5 - -33).
-93
Calculate 48 + 1 - ((14 - 25) + 20 + -14 + -5).
59
What is 21 - (-10 - (-102 + -2 - (214 + -205)))?
-82
What is 2 - -52 - (0 + (1 - (16 + -6 + -19)))?
44
Evaluate -208 - (-525 + 315) - (-45 + (1 - 1)).
47
Calculate 8 - 31 - (-4 + 57 + 22).
-98
What is the value of -2 + -1 - (-23 + 0 + 2 + -2 + -2)?
22
Evaluate (9 + (-14 - (-10 - 4)) - -27) + 6.
42
Evaluate -4 - -2 - (-125 - (4 + (-4 - 1))).
122
What is -135 - (-133 + 15) - 69?
-86
(-1 - -24) + (-14 - 87 - -96)
18
What is the value of (36 - 27) + 6 + -20 - (0 - -24)?
-29
Evaluate 3 + (-57 - -80) - 112.
-86
What is the value of 14 + (20 - (-8 + 2))?
40
Calculate (-51 - -70 - 25) + 6.
0
Evaluate (-39 - -28) + 20 + -62.
-53
What is the value of 8 + -8 + -27 + (-72 - -122)?
23
(-32 - -53) + 38 - (-7 + (1 - (0 + 1)))
66
Evaluate (-62 - -1) + (-24 - (-27 - (8 - 28))).
-78
Evaluate 18 + -2 - 2 - (50 + -64 + 32).
-4
Evaluate -30 + 20 + -25 + 46 + 33.
44
What is the value of (-27 - -32 - 48) + 41?
-2
Calculate -7 - -32 - (86 - (-1 + 22)).
-40
28 + (43 - 47) - -10
34
What is 19 + -1 + -2 - (152 - (-226 + 460))?
98
What is the value of (31 - 31) + (0 - 9) + 9 + -29 + 21?
-8
What is the value of 17030 + -17034 - (-1 - 133)?
130
What is (-101 - (-52 + -98)) + (-18 - (-2 + 0))?
33
What is the value of (482 - 467 - (82 + 1)) + 13?
-55
What is 91 + (-14 + -9 - 24)?
44
Evaluate -16 + -12 + 6 + 15 + -14.
-21
Calculate (34 - -6 - 19) + -36 + -3.
-18
Evaluate -191 - (-215 + 130) - 6.
-112
What is -1 + (0 + (10 - 3) - 1) - (-1 + 55)?
-49
Calculate 54 + -28 - 2 - (4 + -2 + -2).
24
What is -37 + 37 + -52 - -24?
-28
-106 + (-10 - 0) + (62 - (-10 + 45))
-89
What is the value of (-4 - (0 - 1)) + 3?
0
(24 - (-10 + -15)) + -3 + 10
56
Calculate (-14 - -9 - -7) + 22 + -65.
-41
Calculate (20 - (31 + (32 + -14 - 8))) + 10.
-11
Evaluate 0 + -11 - (14 - (-38 + 14)).
-49
Evaluate -71 - (-96 + 64) - -101.
62
What is -1 + 3 - (-2 - -1) - (6 - (-147 - -96))?
-54
-59 + 1 + 378 + -285
35
What is the value of 183 - (98 - -24) - 12?
49
(-20 - (12 - -29)) + 78
17
What is 3 + (67 - -3) - ((-19 - -32) + -4 - 1)?
65
Evaluate (2 - 15) + (20 - 8 - 9).
-10
What is -12 + (5 + -2 - -18 - 9) - (0 - -27)?
-27
2 - -1 - ((-66 - -30 - -50) + 2 + -1)
-12
What is 15 + (2 - (25 - (11 + -1))) - 99?
-97
What is 836 - 855 - ((-1 - (2 - 10)) + (-6 - -3))?
-23
What is the value of -22 + -4 + (-13 + 4 + 2 - -2)?
-31
13 + 17 + 4 + (-29 - -11)
16
Calculate (-13 - -1) + 10 - (-7 + 2 + 49 + -6).
-40
Calculate 2 + -28 + -56 + 79 + -17.
-20
What is the value of 22 + -11 + 1 - (1 - -1 - 55)?
65
(72 - (3 + 10)) + 5 - 20
44
-31 - -11 - (151 + -215)
44
What is the value of 1 + 10 + (22 + -6 + -147 - (2 - 23))?
-99
Evaluate -8797 + 8779 + -2 + -64.
-84
-166 + (39 + -42 + -13 - -33)
-149
-14 + (-37 - (45 - 35))
-61
Calculate -37 + 103 + 35 + -69 + -24.
8
Calculate (0 - 0 - 26) + 15 - -105.
94
Evaluate -23 + -1 + -2 + 1 + (40 - 27 - 5).
-17
Calculate -543 + 553 + (1 - 5) + (46 - -3 - 0).
55
What is 19 + (46 + -55 - (1 + 51))?
-42
-1 + -31 - (-20 - -8)
-20
Evaluate 7 + -84 + 5 + -1 + -8 + 23 + -3.
-61
Calculate 2 - -8 - ((-5 - -16) + (9 - 68)).
58
Evaluate (0 - -10) + (-6 + 8 - (74 - 5)) + -11.
-68
What is the value of 1 + 27 + (-20 - -5) + -15 - -13?
11
Calculate 8 - (56 + 9 + -35).
-22
Evaluate 1 - (-10 + -2 + 13